= -4 - q. Suppose 555 = -2*g + z*g. Is g a composite number?
True
Suppose 0 = o + 3*o - 268. Let n = -11 + 14. Suppose -4*l + n*i = -837 + o, 5*l - 959 = 2*i. Is l a composite number?
False
Suppose 2*b - b - 73 = -4*q, -q + 3*b + 28 = 0. Is q composite?
False
Let h be (-15)/2 + (-9)/(-6). Is (-2)/h + 2144/12 composite?
False
Let l(n) = 55*n**2 + 7*n**2 - 19*n**2 + 2*n. Is l(-3) a prime number?
False
Suppose -4*u - 84 - 72 = 0. Is (-2)/13 - 3789/u a prime number?
True
Let y be (-2)/(-2 - 0) + 3. Let g be -550*(6/y - 2). Suppose 0 = -0*z + 5*z - g. Is z a prime number?
False
Suppose 4*r = -3*x + x + 504, 0 = -5*r - 4*x + 627. Is r prime?
True
Let u(v) = 12*v**2 - 8*v - 31. Is u(8) a composite number?
False
Let i = -295 + 473. Is i a prime number?
False
Suppose 3*l + 5*j = -2*l + 3425, -5*j = -5*l + 3405. Is l a composite number?
False
Is -662*((-33)/6)/11 a composite number?
False
Let b = 99 - -119. Let r = b + -143. Is (-1)/(1*(-3)/r) a composite number?
True
Suppose -5*x = -2*l + 1745, -877 = 4*l - 5*l + 4*x. Is l a composite number?
True
Suppose 0 = -5*q + 15, -5*q - 4511 = -5*g + 144. Is g/14 - (-6)/21 a composite number?
False
Let p(y) = y**3 + 10*y**2 + 2*y + 5. Is p(-4) composite?
True
Is (-1)/(3/(-2859))*1 prime?
True
Suppose 2*z + 4*q + 31 = 5, -3*q = -2*z + 9. Let p = z + 18. Suppose -2*t = -2*h - 21 - p, 0 = -4*h - 16. Is t composite?
True
Suppose 4*t - 285 = 2*o + 331, 0 = t + o - 151. Suppose -t = 5*m - 38. Let x = m - -38. Is x a composite number?
True
Let f = 256 + -162. Let a be 2 - (4/(-2) + -77). Suppose -f = -5*r + a. Is r composite?
True
Let h = -37 - -53. Let d = -11 + h. Suppose -o = -d*t - 72, o = -3*t + 2*t + 78. Is o a prime number?
False
Let i = 170 - 68. Suppose -2*h + 202 + i = 0. Suppose 0 = 3*f - g - 153, h = 2*f + 3*g + 50. Is f composite?
True
Let b(o) = o**3 + 4*o**2 - 4*o + 10. Is b(7) a prime number?
True
Is (-278)/1*(-9)/6 a composite number?
True
Let c(v) = -v**3 + 4*v**2 + v - 1. Let o be c(3). Suppose 2*n + 49 = r, -n = 2*r - 87 - o. Let m = r + -12. Is m a prime number?
True
Let w(c) = 2*c - 11. Let g be w(8). Suppose -3*q - 2*i = -9 - 8, 0 = -5*q + 2*i + 23. Suppose q*k - 45 = g*r, r + 32 + 5 = 5*k. Is k prime?
True
Suppose -q + 2*g - 4 = -0*g, -4*g + 28 = 3*q. Suppose f - 2*p = -p + 258, -3*f + q*p = -773. Is f prime?
False
Let h(u) = u**2 - 2*u + 33. Let m(s) = -s + 4. Let c be m(4). Is h(c) prime?
False
Is 2 + 8/(16/630) a prime number?
True
Let i = -3 + 6. Suppose i*c - 140 = -c. Is c prime?
False
Let x = 308 + -177. Is x prime?
True
Let a(f) = f**2 - 6*f + 1. Let v be a(6). Suppose -4*k + t + 0*t = 12, 0 = 5*k + 3*t - 2. Is v/(k/(-170)*1) composite?
True
Is (35 + -4)*(-2 - -5) prime?
False
Suppose 7*w - 968 = 2133. Is w composite?
False
Let y(i) = i**2 - 11*i + 25. Is y(14) prime?
True
Let g be ((-6)/(-5))/((-4)/(-10)). Let q(m) = m**2 - 4*m + 3. Let c be q(g). Suppose c = -2*a - 3*v + 181, 3*a - a + 2*v = 180. Is a a composite number?
False
Let q = 9 - 5. Suppose 3*c - 547 = q*t, -c - t - 368 = -3*c. Is c a composite number?
True
Let d = -9 + 3. Let b = d - -12. Suppose b*a = a + 50. Is a a prime number?
False
Let r(x) be the first derivative of -x**5/15 + 7*x**4/24 - x**3/3 - 1. Let n(o) be the third derivative of r(o). Is n(-6) a composite number?
True
Suppose 472 = 3*q - 5*g, 5*q - 2*g - 763 = -8. Is q prime?
True
Suppose 0*i - 2*m = 2*i - 640, -5*m = -2*i + 661. Is i prime?
False
Let y(i) be the third derivative of -2*i**4/3 - 7*i**3/6 - 4*i**2. Let d(u) = 17*u + 6. Let f(v) = -6*d(v) - 5*y(v). Is f(-2) composite?
False
Suppose -4*u + 25 = u, 5*u = 4*s - 1483. Is s composite?
True
Suppose 2*c + 2*c + 16 = 0. Let n(r) = -44*r + 1. Is n(c) a composite number?
True
Let j(a) = a**2 + 61. Let w(d) = d**2 - 3*d. Let g be w(3). Let i be j(g). Suppose -b + i = -234. Is b a prime number?
False
Let u = -86 - -60. Let z(b) = b**3 - 2*b**2 + 3*b - 3. Let p be z(-3). Let x = u - p. Is x prime?
True
Suppose 4 = -4*x + 12. Suppose 3*f = x*f + 74. Is f a composite number?
True
Is (-155)/(-4 + 4 - (2 - 1)) composite?
True
Let m(a) = 59*a**2 + 1 + a + 1 - 2 + 1. Is m(-1) composite?
False
Let t(k) be the first derivative of k**4/4 - 2*k**3/3 + k**2/2 - k + 1. Let b = 3 + 1. Is t(b) prime?
False
Let w(d) = 22*d**2 - 9*d + 10. Is w(5) a composite number?
True
Suppose 3*n + 0 = 3. Is 54 - (1 + 2)/n composite?
True
Suppose 0 = -5*o + i - 12, i - 10 = 4*o - 1. Let p(n) = -22*n + 1. Is p(o) a composite number?
False
Suppose r = -3*r - 4*t + 12, 7 = 3*r + t. Is (-471)/(-2)*r + -2 prime?
False
Is (1948/(-12))/((-1)/3) a composite number?
False
Let t be 4/16 - 391/(-4). Suppose 5*i - t = -s, 5*s - 2*i - 635 = 2*i. Is s prime?
False
Let t = 2972 - 1378. Is t composite?
True
Let z = 104 - 70. Is z prime?
False
Let z(x) be the second derivative of x**7/2520 + x**6/144 + x**5/24 + x**4/12 + x. Let m(o) be the third derivative of z(o). Is m(5) prime?
False
Let r(n) = 42*n**2 + 2*n + 1. Is r(-3) composite?
False
Let n = 22 - 22. Let s = -238 - -503. Suppose n = -3*r, 7*z + 4*r - s = 2*z. Is z prime?
True
Suppose 2*p + 170 = -3*p. Is (-2)/(-2) + 2 - p a prime number?
True
Let d = -12 + -1. Let a = -1 - d. Let n = 22 - a. Is n a composite number?
True
Suppose 6*n - 315 = n. Let o(r) = -r - 32. Let d be o(0). Let f = n + d. Is f a composite number?
False
Suppose -5*s = -2*u + 505, u - 3*u + 515 = -3*s. Is u a composite number?
True
Suppose 2*i = -2*n + 45 + 651, -3*n = 2*i - 1043. Is n a prime number?
True
Let n(p) = 104*p + 7. Is n(5) a prime number?
False
Let t = -17 + 34. Let x = t + 186. Is x prime?
False
Let p = 180 + -111. Is p a prime number?
False
Let b = 216 + -85. Let k = b - 12. Is k a composite number?
True
Suppose -3*c = -4*c - 31. Let o = c - -180. Is o composite?
False
Let h = 1582 + -903. Let x = h - 440. Is x a prime number?
True
Let n = -11 - -18. Suppose 2*j + 25 = z + n*j, -z + 3*j = -9. Is z prime?
False
Let f(h) = -h**3 - h + 72. Let c be f(0). Suppose -4*z - 2*z + 42 = 0. Let s = c + z. Is s a composite number?
False
Let w = -2 - -3. Let d(a) = -43*a**2 + 7*a. Let k(u) = -22*u**2 + 3*u. Let i(j) = 2*d(j) - 5*k(j). Is i(w) a prime number?
True
Suppose c = 5*c - 96. Let h = c + -5. Is h a prime number?
True
Suppose 0 = -5*p - 3*h + 996 + 662, -p = -2*h - 329. Is p a prime number?
True
Suppose 0*r - 8 = 3*r - 4*y, -4 = 4*r - 2*y. Suppose -3*i = 1 - 4. Is (-2 - (-5 - r))*i prime?
True
Suppose -2*o = -6*o + 1508. Is o composite?
True
Let o(w) = w + 7. Let l be o(-5). Let r(h) = 13*h**3 - h**2 - 4*h + 3. Is r(l) prime?
False
Let s(m) = 61*m + 74. Is s(9) composite?
True
Let x(c) be the first derivative of 5*c**4/4 + 2*c**3/3 - c**2 + 2*c - 3. Let q be x(2). Suppose -w - w + q = 0. Is w a prime number?
True
Let o = 29 - 19. Is 4/o - 1866/(-10) prime?
False
Let t(p) be the first derivative of 5*p**4/24 + p**3/2 + p**2 + 3. Let c(j) be the second derivative of t(j). Is c(4) a composite number?
False
Suppose -5*a + 58 = -197. Let i = a - 117. Is (i/15)/(1/(-5)) composite?
True
Let m be (-2 + (-165)/(-3))/1. Let w = m + 128. Suppose -2*h = 2*x + 47 - 207, -5*h = -2*x + w. Is x a composite number?
False
Let f(z) = -21*z + 8. Let a be f(-7). Suppose 4*u + u - a = 0. Is u composite?
False
Suppose i = -2, -6*n + n = -i - 1677. Is n composite?
True
Let d = 6 - 1. Suppose -d*v + 2 = 12. Is (v/6)/((-1)/21) prime?
True
Suppose -11*c + 4249 = -10*c. Is c a composite number?
True
Suppose -8*r + 4*r = 0. Let v be r + (-6)/(-3) + 48. Suppose 4*b = -b + v. Is b composite?
True
Suppose -2*b = 8, 4*j + 3*b + 1942 = 5814. Is j a prime number?
True
Let n = 3128 + -1569. Is n a prime number?
True
Suppose -4*u + 557 + 287 = 0. Is u prime?
True
Let w(o) = o**3 - 14*o**2 - 2. Is w(15) a prime number?
True
Suppose 791 = 2*p - 357. Let k = -17 + p. Is k a composite number?
False
Let m(b) = 7*b**3 + b + 2. Let q be m(-4). Let p = -115 - q. Suppose 5*s + 0*s - p = 0. Is s composite?
False
Let i = 215 - -956. Is i prime?
True
Suppose 2*l + 860 = 4*l. Suppose 0*i + h - 351 = -4*i, 0 = 5*i + 3*h - l. Is i prime?
True
Suppose 2*b + 8 = -4*q - 0*q, -q = 2*b + 2. Suppose 2*u + u - 9 = b, -5*o - 5*u = -400. Is o prime?
False
Suppose -2*x + 190 + 4 = 0. Suppose -b + 0*b = -x. Is b a prime number?
True
Let i(x) = 25*x**2 - 9*x + 7. Is i(5) a prime 